*3 - 3*q**2 - 3. Let o be s(-2). Let g = o - 494. Let y = -39 - g. What is the tens digit of y?
9
Suppose 4*t = -75 + 95. Suppose -9*h + 104 = -7*h - 4*w, t*h - 5*w - 260 = 0. What is the units digit of h?
2
Let z(m) = 532*m - 993. What is the tens digit of z(7)?
3
Let r(m) = -17*m - 50. Let a be r(10). Let d = 563 + a. What is the hundreds digit of d?
3
Suppose -31*j + 554 = -2391. What is the tens digit of (-38)/j + (-9894)/(-10)?
8
Let x(s) = -5*s + 6. Let a be (-5)/(-30)*-3*-66. Let d = 29 - a. What is the tens digit of x(d)?
2
Let w(r) = r**2 + 12*r + 5. Let n(a) = -a. Let f(i) = -3*n(i) - w(i). Let u be f(-15). Let b = -51 - u. What is the units digit of b?
4
Let q = -1661 + 1651. Let a = 0 - 1. What is the units digit of q/10 + a + 101?
9
Let w(t) = 5*t**2 + 2*t - 1. Let p be w(1). Suppose -3*s + 5*f - 7 = 3, p = s - 4*f. Let m = s + 34. What is the units digit of m?
4
Let h(b) = 12*b**2 + 8*b - 35. What is the units digit of h(7)?
9
Let m = -146 - -251. What is the tens digit of 7/m*-3 + 6282/10?
2
Suppose 0 = -490*o + 7395200 + 9018820. What is the tens digit of o?
9
Suppose g - 2*b + 202 = 3*b, 2*b + 416 = -2*g. Let y = -134 - -54. Let n = y - g. What is the tens digit of n?
2
Let p(w) = -949*w - 450. What is the units digit of p(-21)?
9
Let j(t) = t**3 - 6*t**2 - 6*t + 1. Let r be j(5). Let g = 53 + r. What is the units digit of 740/12 - ((-10)/(-6) + g)?
1
Let q = -218 + 775. Suppose 10*y - 1947 = -q. What is the hundreds digit of y?
1
Let q(r) = r**3 + r + 7. Suppose 1 - 5 = 4*o - 4*p, -4*o + 2*p = -6. Suppose -4*l + o*b - 2*b - 10 = 0, -b + 5 = 0. What is the units digit of q(l)?
7
Let l(i) = 2*i**2 + 3*i + 37. Let o(g) = g**2 + 2*g + 19. Let b(x) = -3*l(x) + 5*o(x). Let d be b(-13). What is the tens digit of (d/4 - -3)*2/(-1)?
9
Let x(h) = h**2 + 12*h - 27. Let m be x(-14). Let k(w) = -14*w**3 + w**2 - 2*w. Let f be k(m). What is the units digit of ((-20)/f)/((-4)/(-534))?
8
Suppose 0 = -487*j + 464*j + 79005. What is the hundreds digit of j?
4
What is the hundreds digit of (1/(9 + (-2170)/242))/(1/4)?
1
Suppose p - 7632 = -8*p. Let c = p + -337. What is the hundreds digit of c?
5
Suppose 0 = -2*h + 1 - 9. Let v(s) = -2*s**2 - 7*s + 5. Let i be v(h). What is the tens digit of i/(-6) + 3485/30 + -2?
1
What is the tens digit of ((-2360)/(-4) + 0)*(-14 + 25)?
9
Let f be -2 - (36/14)/(12/(-84)). Suppose -b = 3*q - 138, -4*b + 3*b + 91 = 2*q. Let a = q - f. What is the units digit of a?
1
Let b(j) be the third derivative of -5*j**4/2 - 20*j**3 + 98*j**2. What is the hundreds digit of b(-9)?
4
Suppose 6*j = 20*j - 26628. Suppose 150*o + j = 156*o. What is the units digit of o?
7
Suppose -4 = h - 5*k, -3 - 1 = -4*k. Let z be h + -3 - (3 - (-1 + 16)). Suppose z*g - 8*g = 238. What is the hundreds digit of g?
1
Let c = -28 + 32. Suppose -c*u = -0*u - 64. Let g(i) = -i**2 + 14*i + 34. What is the units digit of g(u)?
2
Let d = 2229 + 993. What is the tens digit of d?
2
Suppose -14*i - 4103 + 12239 + 62172 = 0. What is the hundreds digit of i?
0
Suppose 0 = -b + 2*p + p + 12380, -p + 49455 = 4*b. What is the thousands digit of b?
2
Let s = 1133 - 1128. Let u be 3/(3*(-1)/(-4)). Suppose -t - u = -s*t. What is the units digit of t?
1
Let a(r) = -15*r**3 + 17*r**2 - 48*r - 84. What is the tens digit of a(-15)?
8
Suppose 2620 = -v + 3*v + r, 0 = 5*r. What is the tens digit of v?
1
Let s = -1826 + 6007. What is the hundreds digit of s?
1
Let l = 257 - -422. Suppose -13*q + 20*q - l = 0. What is the units digit of q?
7
Suppose 2*c - 21521 = -b, 9001 + 23256 = 3*c - 2*b. What is the hundreds digit of c?
7
Let h = 14 - -8. Let g(y) = -18*y - h*y + 7 - 22*y + 65*y. What is the tens digit of g(5)?
2
Let k be ((-24)/(-4))/3 + 0. Let u be (-45)/18*k*-1. Suppose -5*w - 258 = -u*j - w, 0 = 2*w - 6. What is the tens digit of j?
5
Let s(y) = -y + 7. Let a be s(-5). Let k = -12 + a. Suppose 4*r - 217 = -q - k*q, 4*q = 3*r - 158. What is the tens digit of r?
5
What is the thousands digit of ((-124497252)/(-161))/11 + 4/14?
0
Let j(z) = -z**3 - 6*z**2 - 5*z - 1. Let g be -3 + (-1 + 1 - 2). Let b be j(g). What is the tens digit of (-3 - -4)*b + 45 + 1?
4
Suppose -w = -5*s - 11640, -41399 = -4*w - s + 5056. What is the ten thousands digit of w?
1
Let j = -10 - -12. Suppose 3*b = -6, j*a = -2*a - 5*b + 506. Let y = a + -57. What is the units digit of y?
2
Let f(g) = 2305*g. Let r be f(2). Suppose 3*h = 3*q - q + 2766, -5*h - q + r = 0. What is the units digit of h?
2
Let n(g) = -263*g + 276. Let h be (-190)/(-57)*9/(-6). What is the units digit of n(h)?
1
Suppose 3*n - 7*n + 497 = 3*h, n + h = 124. Let f = 241 - n. Suppose -15*a + 16*a = f. What is the hundreds digit of a?
1
Let d(a) = 4*a**2 - 90*a + 1133. What is the thousands digit of d(59)?
9
Let v be 4/(-26) + 18504/117. Let b = 269 - v. Suppose 5*a - 659 - b = 0. What is the units digit of a?
4
Let b(g) = -9966*g - 2038. What is the ten thousands digit of b(-3)?
2
Suppose 0 = 2114*u - 2118*u + 73964. What is the ten thousands digit of u?
1
Let p(x) = -5*x - 49. Let n = 36 - 58. Let j be p(n). Let f = 6 + j. What is the tens digit of f?
6
Let v(p) = 9*p**2 + 55*p + 12. What is the units digit of v(-30)?
2
Let c(p) = 33*p**2 + 2*p - 2. Let q(f) = -f**3 + f**2. Let i = -17 - -16. Let a be q(i). What is the tens digit of c(a)?
3
Let y(v) = 0*v - v + 29 + 3*v. Let d be y(-16). Let r(u) = -2*u**3 + 2*u**2 - u - 4. What is the units digit of r(d)?
1
Let f be 51*1*(-4)/4. Let b = f - -193. Suppose m = -2*p + 19 + 29, 3*m + 4*p - b = 0. What is the units digit of m?
6
Let c(p) = 16*p**2 - 22*p + 603. What is the tens digit of c(18)?
9
Let u(a) = -2*a**3 - 4*a**2 - 3*a + 12874. What is the thousands digit of u(0)?
2
Let y = -1205 + 30251. What is the tens digit of y?
4
Let r = 33 + -30. Suppose -4*n + 0*p = r*p - 124, 4*p - 155 = -5*n. Let w = 43 + n. What is the units digit of w?
4
Let k(j) = -164 - 18*j + 10*j**2 + 5*j - 2*j + 161. What is the units digit of k(-5)?
2
Let c = -175 + 322. Let d = c + -157. What is the hundreds digit of 4473/45 - 6/d?
1
Suppose i = 4*w + 75949, -978*w - 227787 = -3*i - 976*w. What is the tens digit of i?
2
Suppose -r - 180 = -5*u, 4*u - 72 = 2*u + 4*r. What is the units digit of (-5*9/(-60))/(1/u)?
7
Suppose 5*b = 150 - 160. What is the tens digit of (-1587)/(-46) - 3/b?
3
Let q = -145 + 209. Suppose -103 = -2*v - 23. Let k = q - v. What is the units digit of k?
4
Let l be -5 + 3*41/3. Suppose l*f = 630 + 18558. What is the units digit of f?
3
Suppose 0 = -5*v + 2*l + 26 + 59, 0 = 5*v - l - 80. What is the hundreds digit of 185/2*48/v?
2
What is the tens digit of (21 - 16 - 1160)*(-34)/6?
4
Let s(w) = 4*w - 35. Let p be s(6). Let k(c) = c**3 + 12*c**2 - 12*c - 5. Let a be k(p). Let y = a - 119. What is the units digit of y?
9
What is the hundreds digit of (-18605)/(-2)*(64/30 + 24/(-18))?
4
Let o(h) be the second derivative of 1/2*h**3 + h**2 - 4*h + h**4 + 0. What is the hundreds digit of o(3)?
1
Suppose 6*k - 11*k + 2*t = -80, 4*t = -3*k + 74. Suppose k*v - 2124 = 6*v. What is the tens digit of v?
7
Let i = -31 - -43. Suppose -7*y - i = 9. What is the units digit of (-724)/(-18) - (125/(-45) - y)?
0
Let c be (5 - 7 - -30)*3/(-4). Let l be 6/21 + 3 + 27/c. Suppose -5*m = l*k - 0*m - 59, -2*m = -k + 16. What is the tens digit of k?
2
Let f(n) = -11*n + 55. Let y be f(5). Suppose y = -7*w - 8*w + 6270. What is the units digit of w?
8
Suppose 0 = -656*m + 6413499 + 32823173. What is the thousands digit of m?
9
Let o(j) = j**3 - 33*j**2 - 6*j - 53. Let y be o(14). What is the hundreds digit of 49 + -51 + (y/(-3) - -2)?
2
Suppose 4*l + 2*m + 0 = 4, -4*l = 4*m. Suppose -l*d + 18 = 118. Let q = d + 103. What is the units digit of q?
3
Let h = 515 - 511. Suppose -3*g = h*p - 1419, g + 0*g + 4*p - 481 = 0. What is the units digit of g?
9
Let u = -17635 + 24949. What is the thousands digit of u?
7
Let s(z) = z**2 + 3*z + 6. Let i be (-56)/(-364) + 56/(-26). Let j be s(i). Suppose 5*y + 3*r - 220 = 721, -772 = -4*y + j*r. What is the units digit of y?
0
Let j = -317 + 355. Suppose -j*h - 1805 = -43*h. What is the hundreds digit of h?
3
Let i = -18364 + 26222. What is the units digit of i?
8
Let x(w) = 4*w + 2936. Let z be x(0). Suppose -z = 20*a - 9956. What is the tens digit of a?
5
Let